 -x. Let a be (-12)/(-10)*11340/162. Calculate the greatest common divisor of a and x.
21
Let g(a) = a**3 + 7*a**2 - 16*a - 52. Let y be g(-7). Let h = y + 340. What is the greatest common factor of 64 and h?
16
Let r(k) = -k**3 + 2*k**2 + 4*k - 8. Let v be r(3). Let s be (v - -3)/2*-133. What is the highest common factor of 38 and s?
19
Suppose 2*a + 3*z = 331, -29*a - 488 = -32*a + 4*z. What is the highest common divisor of 328 and a?
164
Let d be ((-10)/3)/(-1 + 34/36). Let y = -223 + 279. Suppose y*t - d = 55*t. Calculate the greatest common factor of t and 36.
12
Let o be (-2)/3 + (-2812)/(-6). Suppose 5*t - 7*t = 3*a + 832, -274 = a - t. Let y = a + o. What is the greatest common divisor of 32 and y?
32
Suppose 138*c - 137*c = -4*d + 5342, -5*d = -3*c - 6686. What is the highest common factor of 8 and d?
8
Suppose 4*v + 7589 = 5*f, 94*v - 89*v = 20. Calculate the greatest common factor of 9 and f.
9
Suppose -379*x - 2859 + 8529 = -10248. What is the greatest common divisor of x and 1022?
14
Suppose 3*b + 12 = 5*b. Suppose -b*k + 4992 = -4*k. Let m be (-2)/(-7) + k/182. Calculate the highest common divisor of m and 7.
7
Let x = 163 + -162. What is the greatest common factor of 32 and x?
1
Suppose 140*c + 2980 - 16280 = 0. Calculate the highest common factor of 38 and c.
19
Let v be (-576)/32 + (-3 - -82). Calculate the highest common factor of v and 7137.
61
Let y(u) = -u**3 - 8*u**2 + 13*u + 44. Let j be y(-9). Suppose -12*h = -j*h - 96. Calculate the greatest common divisor of 3 and h.
3
Let p(s) = -9*s - 3. Let i be p(-4). Suppose 3*h - 187 = -2*q, 1 = 2*q + 4*h - 187. Let d be (1 + 5)*5566/q. Calculate the highest common divisor of i and d.
33
Let g be 14/4*(-264)/(-77). Calculate the greatest common divisor of 4116 and g.
12
Let u(o) = 8*o + 4. Let h be u(7). Let b(v) = 1325*v - 13170. Let s be b(10). What is the greatest common divisor of h and s?
20
Let d = 7508 - 4790. What is the greatest common factor of d and 6?
6
Let m be (15 - (0 + -2)) + -2. Let f(p) = 5*p**3 - 3*p**2 - 7*p + 10. Let t be f(-4). Let d be t/(-11)*(-2)/(-4). What is the highest common factor of m and d?
15
Let s(q) = -101*q - 8. Let i(x) = 100*x + 7. Let k(m) = -2*i(m) - 3*s(m). Let u be k(2). Calculate the highest common factor of u and 54.
54
Let m be (-1)/3 + -13*3/(-9). Suppose 3*b = h + 98, 3*h = m - 10. What is the highest common factor of b and 64?
32
Let h(y) = 169*y**3 + 3*y**2 + 16*y - 46. Let t be h(7). What is the greatest common divisor of 20 and t?
20
Let v(j) = 21*j - 148. Let b be v(13). Suppose -5*h + b = x, 0*h - 75 = -3*h + x. What is the highest common factor of 10 and h?
5
Let i(q) = -21*q - 24. Let t be i(-2). Suppose -46 = -t*m + 8. Calculate the highest common divisor of 75 and m.
3
Let j be ((-144)/54)/((-1)/63). Suppose 10*w = 14*w - j. What is the highest common factor of 182 and w?
14
Let r = -14 + 11. Let c be 3/r - (-66)/3. Let z(m) = 6*m**3 - 16*m**2 + 9*m - 24. Let d be z(3). Calculate the greatest common divisor of c and d.
21
Let u be (-532)/76 - (2 + -906). What is the highest common divisor of 207 and u?
69
Let c be (16/(-8))/(-14) - (837/(-21) + 0). What is the highest common factor of c and 410?
10
Suppose -12*m + 15*m + 1400 = 4*k, 915 = -2*m - k. Let n = m - -652. Calculate the greatest common factor of n and 72.
24
Let f(i) = 270*i + 7549. Let s be f(-25). What is the greatest common divisor of 85 and s?
17
Suppose -w = 3*w - 980. Let b be 3 - 72/(-27)*(-414)/(-24). Calculate the highest common divisor of b and w.
49
Suppose -7*l = -16*l + 2340. Suppose -7*p - l = -274. Calculate the greatest common divisor of p and 54.
2
Suppose -867 - 859 = -44*c - 406. Calculate the highest common divisor of c and 3585.
15
Let z = -34 + 62. Suppose z = -3*r + r. Let f be (-168)/16*24/r. Calculate the greatest common factor of f and 12.
6
Suppose 4095 = 24*h - 33. Let j be 1/(2/(-16))*(-1462)/h. Calculate the greatest common divisor of 17 and j.
17
Let x = -42 - -42. Suppose -7*y - 89 + 628 = x. Suppose 5 - 52 = -5*h + 2*m, -3*h = -m - 29. Calculate the greatest common divisor of h and y.
11
Let i(t) be the first derivative of t**4/4 - t**3 - 7*t**2/2 + 65*t + 8. Let l be i(5). Calculate the highest common divisor of 48 and l.
16
Let p be (-8892)/(-380) - (8/(-5) - -2). Suppose -4*a = -38*a + 5474. What is the greatest common divisor of p and a?
23
Suppose 2*n + 17*j = 12*j + 4247, -5*n + 5*j + 10705 = 0. Calculate the highest common divisor of n and 48.
24
Let a be 3186/7 + 3/(-21) - 0/12. What is the greatest common factor of a and 175?
35
Suppose 0 = -5*z - 33 - 17. Let n be z*13/((-390)/12). What is the greatest common divisor of 34 and n?
2
Let r(v) be the second derivative of v**4/6 - 9*v**3/2 - 5*v**2 + 15*v. Let p be r(14). What is the greatest common factor of 36 and p?
4
Let n = 12425 + -12233. What is the highest common factor of n and 30?
6
Let c(j) = -9*j**2 + 2*j - 1. Let y be c(-3). Let i = -44 - y. Let o(b) = b**2 - 3*b - 169. Let a be o(-12). Calculate the highest common factor of a and i.
11
Let v(o) = o**2 - 23*o - 78. Let j be v(26). Suppose j = -3*k + 95 + 94. Let c = 15 - 8. What is the highest common divisor of c and k?
7
Suppose -18*a + 20254 = a. Let h = -962 + a. Let l be 4/(-16) - 105/(-4). What is the highest common divisor of l and h?
26
Let f = 0 - -19. Let d(t) = -94 - 117*t + 64*t + 63*t. Let x be d(17). What is the highest common factor of f and x?
19
Suppose 855 = 35*f + 155. Suppose f + 6 = 26*i. Calculate the greatest common divisor of i and 98.
1
Let z be (0 - (-4)/(-26)) + (-8428)/(-364). Let s = z + 6. Let u = -13 + 100. Calculate the greatest common factor of u and s.
29
Let n(y) = -93*y - 10492. Let s be n(-122). Calculate the highest common divisor of s and 42.
14
Suppose 10*p - 7*p = -d + 13, -3*d = p + 1. Suppose 0 = 2*w + 2*y - 120 - 126, 3*w = p*y + 385. Calculate the greatest common divisor of w and 10.
5
Let l(y) = 7*y**2 + 5*y + 15. Let a be l(-3). Suppose a - 11 = 4*d. Calculate the highest common factor of 13 and d.
13
Suppose -7*y + 191 = -89. Let s = 107 - -35. Let h = s + -118. What is the greatest common factor of y and h?
8
Let k be 15/(((-285)/(-40))/19). Calculate the greatest common divisor of 9 and k.
1
Let c = 20507 - 20443. What is the highest common factor of c and 1832?
8
Suppose -z = 5*n + 3*z - 2017, -n + 401 = 2*z. Calculate the greatest common factor of 324 and n.
81
Let x(t) = -8*t**2 - 88*t - 63. Let w be x(-9). What is the greatest common factor of 522 and w?
9
Let z = 95 - 189. Let n = -42 - z. Suppose 116 = 4*p - n. What is the highest common factor of 63 and p?
21
Suppose 20*o + 5009 = 50449. Calculate the highest common divisor of 8 and o.
8
Suppose -500805 - 10255 = -29*l - 17*l. Calculate the highest common divisor of l and 44.
22
Suppose -2*y + 249 - 1649 = 0. Suppose 0 = -58*z + 52*z + 6048. Let h = y + z. What is the highest common factor of 28 and h?
28
Suppose 0 = 168*n - 106*n - 620. Calculate the greatest common factor of 26330 and n.
10
Suppose 0 = -w + 96 + 6. What is the highest common factor of 1088 and w?
34
Let t(k) = 42*k**2 - 40*k - 2. Let r be t(5). Let d = r - 840. Calculate the highest common factor of d and 552.
8
Let p be (-1 + -1)/(1*5/(-85)). Suppose -29*w + p*w = 85. Calculate the highest common factor of w and 68.
17
Let w be 2/(-4)*1*-6. Let y be (32538/(-2057))/(6/(-33)). Calculate the highest common factor of w and y.
3
Let b(o) = 2*o**3 + 25*o**2 + 48*o + 18. Let t be b(-10). Let v(k) = 10*k**2 - 3*k + 4. Let p be v(4). What is the highest common divisor of t and p?
38
Let f(h) = h**3 + 77*h**2 + 209*h + 289. Let o be f(-74). Calculate the highest common factor of o and 126.
9
Let u(w) = -1354*w - 10412. Let b be u(-10). Calculate the greatest common factor of 1656 and b.
184
Suppose 28*t - 188 = 148. Calculate the highest common divisor of t and 1244.
4
Let c(t) = -t**2 + 18*t + 9. Suppose 0*a - a = 2*p - 18, a - p = 18. Let s be c(a). Calculate the greatest common divisor of 36 and s.
9
Let x = -165 - -381. Let r(p) = -15*p**2 + 16*p - 10. Let v be r(10). Let u be v/90*(-3)/5. Calculate the highest common divisor of u and x.
9
Let u = 10407 + -10382. Calculate the highest common divisor of 245 and u.
5
Let a be ((-39)/(-9) +